{"id":1714,"date":"2026-02-18T15:53:17","date_gmt":"2026-02-18T14:53:17","guid":{"rendered":"https:\/\/songesdebene.fr\/?post_type=product&#038;p=1714"},"modified":"2026-02-18T16:02:29","modified_gmt":"2026-02-18T15:02:29","slug":"le-poussin","status":"publish","type":"product","link":"https:\/\/songesdebene.fr\/index.php\/produit\/le-poussin\/","title":{"rendered":"Le Poussin"},"content":{"rendered":"<p>\u00ab\u00a0Le Poussin\u00a0\u00bb \u00e9voque le destin tragique de nombreux poussins et canetons, sacrifi\u00e9s sur l&rsquo;autel de la productivit\u00e9 animali\u00e8re.<\/p>\n<p><em>En exploitation de pondeuses, les poussins m\u00e2les sont consid\u00e9r\u00e9s comme inutiles d&rsquo;une part parce qu&rsquo;ils ne pondent pas d&rsquo;\u0153ufs, et d&rsquo;autre part parce que seuls les reproducteurs des \u00e9levages de s\u00e9lection et des \u00e9levages de multiplication sont n\u00e9cessaires pour fertiliser les \u0153ufs. Les poussins m\u00e2les produits par les \u00e9levages de multiplication sont donc g\u00e9n\u00e9ralement abattus peu apr\u00e8s leur \u00e9closion et leur sexage. <strong>La plupart des m\u00e9thodes d&rsquo;abattage se font sans anesth\u00e9sie ou \u00e9tourdissement. Elles incluent la dislocation cervicale, l&rsquo;asphyxie par le dioxyde de carbone et le broyage m\u00e9canique<\/strong>.<\/em><br \/>\n<em>(<a href=\"https:\/\/fr.wikipedia.org\/wiki\/Abattage_des_poussins_et_des_canetons\">Source : Wikip\u00e9dia<\/a>)<\/em><\/p>\n<p>Sculpture en fr\u00eane massif, dorure \u00e0 la feuille d&rsquo;or, vernis gomme-laque.<br \/>\n50 cm x 18 cm x 9 cm.<br \/>\nExemplaire unique et sign\u00e9. Certificat d&rsquo;authenticit\u00e9 sur demande.<\/p>\n<p><a href=\"https:\/\/www.instagram.com\/reel\/DSK6TCmDUEI\/?utm_source=ig_web_copy_link&amp;igsh=MzRlODBiNWFlZA==\">Vid\u00e9o Instagram de la sculpture.<\/a><\/p>\n<p><a href=\"https:\/\/www.facebook.com\/share\/r\/1AVkbbdfAt\/\">Vid\u00e9o Facebook de la sculpture.<\/a><\/p>\n","protected":false},"excerpt":{"rendered":"<p>\u00ab\u00a0Le Poussin\u00a0\u00bb \u00e9voque le destin tragique de nombreux poussins et canetons, sacrifi\u00e9s sur l&rsquo;autel de la productivit\u00e9 animali\u00e8re.<\/p>\n<p><em>En exploitation de pondeuses, les poussins m\u00e2les sont consid\u00e9r\u00e9s comme inutiles d&rsquo;une part parce qu&rsquo;ils ne pondent pas d&rsquo;\u0153ufs, et d&rsquo;autre part parce que seuls les reproducteurs des \u00e9levages de s\u00e9lection et des \u00e9levages de multiplication sont n\u00e9cessaires pour fertiliser les \u0153ufs. Les poussins m\u00e2les produits par les \u00e9levages de multiplication sont donc g\u00e9n\u00e9ralement abattus peu apr\u00e8s leur \u00e9closion et leur sexage. <strong>La plupart des m\u00e9thodes d&rsquo;abattage se font sans anesth\u00e9sie ou \u00e9tourdissement. Elles incluent la dislocation cervicale, l&rsquo;asphyxie par le dioxyde de carbone et le broyage m\u00e9canique<\/strong>.<\/em><br \/>\n<em>(<a href=\"https:\/\/fr.wikipedia.org\/wiki\/Abattage_des_poussins_et_des_canetons\">Source : Wikip\u00e9dia<\/a>)<\/em><\/p>\n<p>Sculpture en fr\u00eane massif, dorure \u00e0 la feuille d&rsquo;or, vernis gomme-laque.<br \/>\nExemplaire unique et sign\u00e9.<\/p>\n<p><a href=\"https:\/\/www.instagram.com\/reel\/DSK6TCmDUEI\/?utm_source=ig_web_copy_link&amp;igsh=MzRlODBiNWFlZA==\">Vid\u00e9o Instagram de la sculpture.<\/a><\/p>\n<p><a href=\"https:\/\/www.facebook.com\/share\/r\/1AVkbbdfAt\/\">Vid\u00e9o Facebook de la sculpture.<\/a><\/p>\n","protected":false},"featured_media":1715,"comment_status":"open","ping_status":"closed","template":"","meta":[],"product_brand":[],"product_cat":[35],"product_tag":[],"class_list":{"0":"post-1714","1":"product","2":"type-product","3":"status-publish","4":"has-post-thumbnail","6":"product_cat-sculptures","7":"product_shipping_class-gros_objet","9":"first","10":"instock","11":"shipping-taxable","12":"purchasable","13":"product-type-simple"},"_links":{"self":[{"href":"https:\/\/songesdebene.fr\/index.php\/wp-json\/wp\/v2\/product\/1714","targetHints":{"allow":["GET"]}}],"collection":[{"href":"https:\/\/songesdebene.fr\/index.php\/wp-json\/wp\/v2\/product"}],"about":[{"href":"https:\/\/songesdebene.fr\/index.php\/wp-json\/wp\/v2\/types\/product"}],"replies":[{"embeddable":true,"href":"https:\/\/songesdebene.fr\/index.php\/wp-json\/wp\/v2\/comments?post=1714"}],"wp:featuredmedia":[{"embeddable":true,"href":"https:\/\/songesdebene.fr\/index.php\/wp-json\/wp\/v2\/media\/1715"}],"wp:attachment":[{"href":"https:\/\/songesdebene.fr\/index.php\/wp-json\/wp\/v2\/media?parent=1714"}],"wp:term":[{"taxonomy":"product_brand","embeddable":true,"href":"https:\/\/songesdebene.fr\/index.php\/wp-json\/wp\/v2\/product_brand?post=1714"},{"taxonomy":"product_cat","embeddable":true,"href":"https:\/\/songesdebene.fr\/index.php\/wp-json\/wp\/v2\/product_cat?post=1714"},{"taxonomy":"product_tag","embeddable":true,"href":"https:\/\/songesdebene.fr\/index.php\/wp-json\/wp\/v2\/product_tag?post=1714"}],"curies":[{"name":"wp","href":"https:\/\/api.w.org\/{rel}","templated":true}]}}