{"id":1595,"date":"2025-11-30T17:57:17","date_gmt":"2025-11-30T16:57:17","guid":{"rendered":"https:\/\/songesdebene.fr\/?post_type=product&#038;p=1595"},"modified":"2026-02-14T15:56:46","modified_gmt":"2026-02-14T14:56:46","slug":"marqueterie-mon-voisin-totoro","status":"publish","type":"product","link":"https:\/\/songesdebene.fr\/index.php\/produit\/marqueterie-mon-voisin-totoro\/","title":{"rendered":"Marqueterie \u00ab\u00a0Mon voisin Totoro\u00a0\u00bb"},"content":{"rendered":"<p>Marqueterie sur le th\u00e8me du film \u00ab\u00a0<strong>Mon voisin Totoro<\/strong>\u00a0\u00bb d&rsquo;Hayao Miyazaki. Retrouvez la po\u00e9sie du film \u00e0 travers la sc\u00e8ne culte du parapluie revisit\u00e9e.<\/p>\n<p><strong>D\u00e9coupe manuelle, r\u00e9alisation artisanale \u00e0 l&rsquo;unit\u00e9<\/strong> (pas de s\u00e9rie), faite \u00e0 Saint-Laurent-sur-Gorre.<\/p>\n<p>Deux variantes pour le m\u00eame visuel (les essences sont class\u00e9es de la plus abondante \u00e0 la moins pr\u00e9sente) :<\/p>\n<ul>\n<li>entourage clair : Fr\u00eane, acajou, sipo chenill\u00e9, noyer<\/li>\n<li>entourage sombre : Acajou, fr\u00eane, noyer, sipo chenill\u00e9<\/li>\n<\/ul>\n<p>Bordures plaqu\u00e9es ch\u00eane. Accroche murale mont\u00e9e au dos.<\/p>\n<p>Dimensions 21 x 30 cm.<\/p>\n<p>Finition vernis incolore mat au tampon.<\/p>\n","protected":false},"excerpt":{"rendered":"<p>Marqueterie sur le th\u00e8me du film \u00ab\u00a0<strong>Mon voisin Totoro<\/strong>\u00a0\u00bb d&rsquo;Hayao Miyazaki. Retrouvez la po\u00e9sie du film \u00e0 travers la sc\u00e8ne culte du parapluie revisit\u00e9e.<\/p>\n<p><strong>D\u00e9coupe manuelle, r\u00e9alisation artisanale \u00e0 l&rsquo;unit\u00e9<\/strong> (pas de s\u00e9rie), faite \u00e0 Saint-Laurent-sur-Gorre.<\/p>\n<p>Deux variantes pour le m\u00eame visuel (les essences sont class\u00e9es de la plus abondante \u00e0 la moins pr\u00e9sente) :<\/p>\n<ul>\n<li>entourage clair : Fr\u00eane, acajou, sipo chenill\u00e9, noyer<\/li>\n<li>entourage sombre : Acajou, fr\u00eane, noyer, sipo chenill\u00e9<\/li>\n<\/ul>\n<p>Bordures plaqu\u00e9es ch\u00eane. Accroche murale mont\u00e9e au dos.<\/p>\n<p>Dimensions 21 x 30 cm.<\/p>\n<p>Finition vernis incolore mat au tampon.<\/p>\n","protected":false},"featured_media":1597,"comment_status":"open","ping_status":"closed","template":"","meta":[],"product_brand":[],"product_cat":[30],"product_tag":[],"class_list":{"0":"post-1595","1":"product","2":"type-product","3":"status-publish","4":"has-post-thumbnail","6":"product_cat-decoration-interieure","7":"product_shipping_class-moyen_objet","9":"first","10":"instock","11":"sale","12":"shipping-taxable","13":"purchasable","14":"product-type-variable"},"_links":{"self":[{"href":"https:\/\/songesdebene.fr\/index.php\/wp-json\/wp\/v2\/product\/1595","targetHints":{"allow":["GET"]}}],"collection":[{"href":"https:\/\/songesdebene.fr\/index.php\/wp-json\/wp\/v2\/product"}],"about":[{"href":"https:\/\/songesdebene.fr\/index.php\/wp-json\/wp\/v2\/types\/product"}],"replies":[{"embeddable":true,"href":"https:\/\/songesdebene.fr\/index.php\/wp-json\/wp\/v2\/comments?post=1595"}],"wp:featuredmedia":[{"embeddable":true,"href":"https:\/\/songesdebene.fr\/index.php\/wp-json\/wp\/v2\/media\/1597"}],"wp:attachment":[{"href":"https:\/\/songesdebene.fr\/index.php\/wp-json\/wp\/v2\/media?parent=1595"}],"wp:term":[{"taxonomy":"product_brand","embeddable":true,"href":"https:\/\/songesdebene.fr\/index.php\/wp-json\/wp\/v2\/product_brand?post=1595"},{"taxonomy":"product_cat","embeddable":true,"href":"https:\/\/songesdebene.fr\/index.php\/wp-json\/wp\/v2\/product_cat?post=1595"},{"taxonomy":"product_tag","embeddable":true,"href":"https:\/\/songesdebene.fr\/index.php\/wp-json\/wp\/v2\/product_tag?post=1595"}],"curies":[{"name":"wp","href":"https:\/\/api.w.org\/{rel}","templated":true}]}}