{"id":1526,"date":"2025-10-06T11:44:12","date_gmt":"2025-10-06T09:44:12","guid":{"rendered":"https:\/\/songesdebene.fr\/?page_id=1526"},"modified":"2026-02-18T17:17:39","modified_gmt":"2026-02-18T16:17:39","slug":"restauration-de-mobilier","status":"publish","type":"page","link":"https:\/\/songesdebene.fr\/index.php\/restauration-de-mobilier\/","title":{"rendered":"Restauration de mobilier"},"content":{"rendered":"\n<p>Un meuble ancien \u00e0 remettre sur pieds, \u00e0 rafra\u00eechir ? Je suis \u00e0 votre \u00e9coute pour la restauration de vos mobiliers, leur adaptation (rehausse de table&#8230;), leur personnalisation.<\/p>\n\n\n\n<figure class=\"wp-block-gallery has-nested-images columns-3 is-cropped wp-block-gallery-1 is-layout-flex wp-block-gallery-is-layout-flex\">\n<figure class=\"wp-block-image size-full is-style-rounded\"><a href=\"https:\/\/songesdebene.fr\/wp-content\/uploads\/2024\/09\/IMG_4204-1.jpg\"><img loading=\"lazy\" decoding=\"async\" width=\"609\" height=\"813\" data-id=\"116\" src=\"https:\/\/songesdebene.fr\/wp-content\/uploads\/2024\/09\/IMG_4204-1.jpg\" alt=\"Restauration compl\u00e8te d'un meuble indien, avec placage moderne du dessus (acajou, weng\u00e9, buis, frisages).\" class=\"wp-image-116\" srcset=\"https:\/\/songesdebene.fr\/wp-content\/uploads\/2024\/09\/IMG_4204-1.jpg 609w, https:\/\/songesdebene.fr\/wp-content\/uploads\/2024\/09\/IMG_4204-1-600x801.jpg 600w, https:\/\/songesdebene.fr\/wp-content\/uploads\/2024\/09\/IMG_4204-1-225x300.jpg 225w\" sizes=\"auto, (max-width: 609px) 100vw, 609px\" \/><\/a><figcaption class=\"wp-element-caption\">Restauration compl\u00e8te d&rsquo;un meuble indien, avec placage moderne du dessus (acajou, weng\u00e9, buis, frisages).<\/figcaption><\/figure>\n\n\n\n<figure class=\"wp-block-image size-full is-style-rounded\"><a href=\"http:\/\/songesdebene.fr\/wp-content\/uploads\/2024\/11\/IMG_6142.jpg\"><img loading=\"lazy\" decoding=\"async\" width=\"1180\" height=\"885\" data-id=\"279\" src=\"http:\/\/songesdebene.fr\/wp-content\/uploads\/2024\/11\/IMG_6142.jpg\" alt=\"Restauration d'une petite commode camerounaise (r\u00e9parations, nettoyage et re-cirage).\" class=\"wp-image-279\" srcset=\"https:\/\/songesdebene.fr\/wp-content\/uploads\/2024\/11\/IMG_6142.jpg 1180w, https:\/\/songesdebene.fr\/wp-content\/uploads\/2024\/11\/IMG_6142-600x450.jpg 600w, https:\/\/songesdebene.fr\/wp-content\/uploads\/2024\/11\/IMG_6142-300x225.jpg 300w, https:\/\/songesdebene.fr\/wp-content\/uploads\/2024\/11\/IMG_6142-1024x768.jpg 1024w, https:\/\/songesdebene.fr\/wp-content\/uploads\/2024\/11\/IMG_6142-768x576.jpg 768w\" sizes=\"auto, (max-width: 1180px) 100vw, 1180px\" \/><\/a><figcaption class=\"wp-element-caption\">Restauration d&rsquo;une petite commode camerounaise (r\u00e9parations, nettoyage et re-cirage).<\/figcaption><\/figure>\n\n\n\n<figure class=\"wp-block-image size-full is-style-rounded\"><a href=\"http:\/\/songesdebene.fr\/wp-content\/uploads\/2025\/01\/IMG_6508-scaled.jpg\"><img loading=\"lazy\" decoding=\"async\" width=\"2560\" height=\"1920\" data-id=\"285\" src=\"http:\/\/songesdebene.fr\/wp-content\/uploads\/2025\/01\/IMG_6508-scaled.jpg\" alt=\"Restauration d'une table de chevet avec dessus plaqu\u00e9 (r\u00e9parations, reprise totale du placage du dessus, teinte, cire...).\" class=\"wp-image-285\" srcset=\"https:\/\/songesdebene.fr\/wp-content\/uploads\/2025\/01\/IMG_6508-scaled.jpg 2560w, https:\/\/songesdebene.fr\/wp-content\/uploads\/2025\/01\/IMG_6508-scaled-600x450.jpg 600w, https:\/\/songesdebene.fr\/wp-content\/uploads\/2025\/01\/IMG_6508-300x225.jpg 300w, https:\/\/songesdebene.fr\/wp-content\/uploads\/2025\/01\/IMG_6508-1024x768.jpg 1024w, https:\/\/songesdebene.fr\/wp-content\/uploads\/2025\/01\/IMG_6508-768x576.jpg 768w, https:\/\/songesdebene.fr\/wp-content\/uploads\/2025\/01\/IMG_6508-1536x1152.jpg 1536w, https:\/\/songesdebene.fr\/wp-content\/uploads\/2025\/01\/IMG_6508-2048x1536.jpg 2048w\" sizes=\"auto, (max-width: 2560px) 100vw, 2560px\" \/><\/a><figcaption class=\"wp-element-caption\">Restauration d&rsquo;une table de chevet avec dessus plaqu\u00e9 (r\u00e9parations, reprise totale du placage du dessus, teinte, cire\u2026).<\/figcaption><\/figure>\n\n\n\n<figure class=\"wp-block-image size-full is-style-rounded\"><a href=\"http:\/\/songesdebene.fr\/wp-content\/uploads\/2025\/01\/IMG_6621-edited-scaled.jpg\"><img loading=\"lazy\" decoding=\"async\" width=\"1920\" height=\"2560\" data-id=\"310\" src=\"http:\/\/songesdebene.fr\/wp-content\/uploads\/2025\/01\/IMG_6621-edited-scaled.jpg\" alt=\"Table basse ch\u00e2taignier, placages d'essences diverses, pi\u00e8tement vintage ann\u00e9es 70 m\u00e9tal.\" class=\"wp-image-310\" srcset=\"https:\/\/songesdebene.fr\/wp-content\/uploads\/2025\/01\/IMG_6621-edited-scaled.jpg 1920w, https:\/\/songesdebene.fr\/wp-content\/uploads\/2025\/01\/IMG_6621-edited-scaled-600x800.jpg 600w, https:\/\/songesdebene.fr\/wp-content\/uploads\/2025\/01\/IMG_6621-edited-225x300.jpg 225w, https:\/\/songesdebene.fr\/wp-content\/uploads\/2025\/01\/IMG_6621-edited-768x1024.jpg 768w, https:\/\/songesdebene.fr\/wp-content\/uploads\/2025\/01\/IMG_6621-edited-1152x1536.jpg 1152w, https:\/\/songesdebene.fr\/wp-content\/uploads\/2025\/01\/IMG_6621-edited-1536x2048.jpg 1536w\" sizes=\"auto, (max-width: 1920px) 100vw, 1920px\" \/><\/a><figcaption class=\"wp-element-caption\">Table basse ch\u00e2taignier, placages d&rsquo;essences diverses, pi\u00e8tement vintage ann\u00e9es 70 m\u00e9tal.<\/figcaption><\/figure>\n\n\n\n<figure class=\"wp-block-image size-full is-style-rounded\"><a href=\"https:\/\/songesdebene.fr\/wp-content\/uploads\/2025\/04\/IMG_7424-scaled.jpg\"><img loading=\"lazy\" decoding=\"async\" width=\"1920\" height=\"2560\" data-id=\"1110\" src=\"https:\/\/songesdebene.fr\/wp-content\/uploads\/2025\/04\/IMG_7424-scaled.jpg\" alt=\"Restauration d'une table, changement des pieds.\" class=\"wp-image-1110\" srcset=\"https:\/\/songesdebene.fr\/wp-content\/uploads\/2025\/04\/IMG_7424-scaled.jpg 1920w, https:\/\/songesdebene.fr\/wp-content\/uploads\/2025\/04\/IMG_7424-225x300.jpg 225w, https:\/\/songesdebene.fr\/wp-content\/uploads\/2025\/04\/IMG_7424-768x1024.jpg 768w, https:\/\/songesdebene.fr\/wp-content\/uploads\/2025\/04\/IMG_7424-1152x1536.jpg 1152w, https:\/\/songesdebene.fr\/wp-content\/uploads\/2025\/04\/IMG_7424-1536x2048.jpg 1536w, https:\/\/songesdebene.fr\/wp-content\/uploads\/2025\/04\/IMG_7424-600x800.jpg 600w\" sizes=\"auto, (max-width: 1920px) 100vw, 1920px\" \/><\/a><figcaption class=\"wp-element-caption\">Restauration d&rsquo;une table, changement des pieds.<\/figcaption><\/figure>\n\n\n\n<figure class=\"wp-block-image size-full is-style-rounded\"><img loading=\"lazy\" decoding=\"async\" width=\"800\" height=\"1067\" data-id=\"1727\" src=\"https:\/\/songesdebene.fr\/wp-content\/uploads\/2026\/02\/croix_avant_apres.jpg\" alt=\"Restauration d'une croix.\" class=\"wp-image-1727\" srcset=\"https:\/\/songesdebene.fr\/wp-content\/uploads\/2026\/02\/croix_avant_apres.jpg 800w, https:\/\/songesdebene.fr\/wp-content\/uploads\/2026\/02\/croix_avant_apres-225x300.jpg 225w, https:\/\/songesdebene.fr\/wp-content\/uploads\/2026\/02\/croix_avant_apres-768x1024.jpg 768w, https:\/\/songesdebene.fr\/wp-content\/uploads\/2026\/02\/croix_avant_apres-600x800.jpg 600w\" sizes=\"auto, (max-width: 800px) 100vw, 800px\" \/><figcaption class=\"wp-element-caption\">Restauration d&rsquo;une croix.<\/figcaption><\/figure>\n\n\n\n<figure class=\"wp-block-image size-full is-style-rounded\"><img loading=\"lazy\" decoding=\"async\" width=\"1920\" height=\"2560\" data-id=\"1647\" src=\"https:\/\/songesdebene.fr\/wp-content\/uploads\/2026\/01\/IMG_9929-scaled.jpg\" alt=\"\" class=\"wp-image-1647\" srcset=\"https:\/\/songesdebene.fr\/wp-content\/uploads\/2026\/01\/IMG_9929-scaled.jpg 1920w, https:\/\/songesdebene.fr\/wp-content\/uploads\/2026\/01\/IMG_9929-225x300.jpg 225w, https:\/\/songesdebene.fr\/wp-content\/uploads\/2026\/01\/IMG_9929-768x1024.jpg 768w, https:\/\/songesdebene.fr\/wp-content\/uploads\/2026\/01\/IMG_9929-1152x1536.jpg 1152w, https:\/\/songesdebene.fr\/wp-content\/uploads\/2026\/01\/IMG_9929-1536x2048.jpg 1536w, https:\/\/songesdebene.fr\/wp-content\/uploads\/2026\/01\/IMG_9929-600x800.jpg 600w\" sizes=\"auto, (max-width: 1920px) 100vw, 1920px\" \/><figcaption class=\"wp-element-caption\">Restauration partielle d&rsquo;une table art d\u00e9co (ici, avant travaux).<\/figcaption><\/figure>\n<\/figure>\n","protected":false},"excerpt":{"rendered":"<p>Un meuble ancien \u00e0 remettre sur pieds, \u00e0 rafra\u00eechir ? Je suis \u00e0 votre \u00e9coute pour la restauration de vos mobiliers, leur adaptation (rehausse de table&#8230;), leur personnalisation.<\/p>\n","protected":false},"author":1,"featured_media":0,"parent":0,"menu_order":0,"comment_status":"closed","ping_status":"closed","template":"","meta":{"footnotes":""},"class_list":["post-1526","page","type-page","status-publish","hentry"],"_links":{"self":[{"href":"https:\/\/songesdebene.fr\/index.php\/wp-json\/wp\/v2\/pages\/1526","targetHints":{"allow":["GET"]}}],"collection":[{"href":"https:\/\/songesdebene.fr\/index.php\/wp-json\/wp\/v2\/pages"}],"about":[{"href":"https:\/\/songesdebene.fr\/index.php\/wp-json\/wp\/v2\/types\/page"}],"author":[{"embeddable":true,"href":"https:\/\/songesdebene.fr\/index.php\/wp-json\/wp\/v2\/users\/1"}],"replies":[{"embeddable":true,"href":"https:\/\/songesdebene.fr\/index.php\/wp-json\/wp\/v2\/comments?post=1526"}],"version-history":[{"count":3,"href":"https:\/\/songesdebene.fr\/index.php\/wp-json\/wp\/v2\/pages\/1526\/revisions"}],"predecessor-version":[{"id":1728,"href":"https:\/\/songesdebene.fr\/index.php\/wp-json\/wp\/v2\/pages\/1526\/revisions\/1728"}],"wp:attachment":[{"href":"https:\/\/songesdebene.fr\/index.php\/wp-json\/wp\/v2\/media?parent=1526"}],"curies":[{"name":"wp","href":"https:\/\/api.w.org\/{rel}","templated":true}]}}