{"id":870,"date":"2025-03-13T14:03:19","date_gmt":"2025-03-13T13:03:19","guid":{"rendered":"https:\/\/songesdebene.fr\/?post_type=product&#038;p=870"},"modified":"2025-11-28T07:51:52","modified_gmt":"2025-11-28T06:51:52","slug":"bols-decoratifs-textures","status":"publish","type":"product","link":"http:\/\/songesdebene.fr\/index.php\/produit\/bols-decoratifs-textures\/","title":{"rendered":"Bols d\u00e9coratifs textur\u00e9s"},"content":{"rendered":"<p>Bols en \u00e9rable massif tourn\u00e9s puis textur\u00e9s \u00e0 la main, br\u00fbl\u00e9s et teint\u00e9s.<br \/>\nChaque bol est unique, car chaque pi\u00e8ce de bois l&rsquo;est aussi, de m\u00eame que mon inspiration du moment ! Il l&rsquo;est aussi par le texturage effectu\u00e9 manuellement \u00e0 la gouge de sculpture, la teinte appliqu\u00e9e, et le br\u00fblage offrant le contraste final.<br \/>\nPour les versions teint\u00e9es, une cire color\u00e9e est appliqu\u00e9e en finition pour plus de brillance. Elle offre des reflets changeant selon l&rsquo;angle de vue.<br \/>\nCes bols ne sont pas certifi\u00e9s pour un usage alimentaire, mais ajouteront une touche esth\u00e9tique unique \u00e0 votre int\u00e9rieur ! Ils ne n\u00e9cessitent pas d&rsquo;entretien. Les dimensions varient d&rsquo;un bol \u00e0 l&rsquo;autre, d&rsquo;un diam\u00e8tre de 14 \u00e0 16 cm, pour une \u00e9paisseur d&rsquo;environ 5 cm et un poids autour de 400 g.<br \/>\nPour d&rsquo;autres dimensions, couleurs, type de texturage, ou pour la r\u00e9alisation de plusieurs exemplaires similaires, n&rsquo;h\u00e9sitez pas \u00e0 me contacter !<\/p>\n","protected":false},"excerpt":{"rendered":"<p>Bols en \u00e9rable massif tourn\u00e9s puis textur\u00e9s \u00e0 la main, br\u00fbl\u00e9s et teint\u00e9s.<\/p>\n","protected":false},"featured_media":883,"comment_status":"open","ping_status":"closed","template":"","meta":[],"product_brand":[],"product_cat":[30],"product_tag":[],"class_list":{"0":"post-870","1":"product","2":"type-product","3":"status-publish","4":"has-post-thumbnail","6":"product_cat-decoration-interieure","7":"product_shipping_class-moyen_objet","9":"first","10":"instock","11":"shipping-taxable","12":"purchasable","13":"product-type-variable"},"_links":{"self":[{"href":"http:\/\/songesdebene.fr\/index.php\/wp-json\/wp\/v2\/product\/870","targetHints":{"allow":["GET"]}}],"collection":[{"href":"http:\/\/songesdebene.fr\/index.php\/wp-json\/wp\/v2\/product"}],"about":[{"href":"http:\/\/songesdebene.fr\/index.php\/wp-json\/wp\/v2\/types\/product"}],"replies":[{"embeddable":true,"href":"http:\/\/songesdebene.fr\/index.php\/wp-json\/wp\/v2\/comments?post=870"}],"wp:featuredmedia":[{"embeddable":true,"href":"http:\/\/songesdebene.fr\/index.php\/wp-json\/wp\/v2\/media\/883"}],"wp:attachment":[{"href":"http:\/\/songesdebene.fr\/index.php\/wp-json\/wp\/v2\/media?parent=870"}],"wp:term":[{"taxonomy":"product_brand","embeddable":true,"href":"http:\/\/songesdebene.fr\/index.php\/wp-json\/wp\/v2\/product_brand?post=870"},{"taxonomy":"product_cat","embeddable":true,"href":"http:\/\/songesdebene.fr\/index.php\/wp-json\/wp\/v2\/product_cat?post=870"},{"taxonomy":"product_tag","embeddable":true,"href":"http:\/\/songesdebene.fr\/index.php\/wp-json\/wp\/v2\/product_tag?post=870"}],"curies":[{"name":"wp","href":"https:\/\/api.w.org\/{rel}","templated":true}]}}