{"id":843,"date":"2025-03-13T14:03:19","date_gmt":"2025-03-13T13:03:19","guid":{"rendered":"https:\/\/songesdebene.fr\/?post_type=product&#038;p=843"},"modified":"2026-02-04T18:01:34","modified_gmt":"2026-02-04T17:01:34","slug":"stylo-en-bois-volute-finition-satinee","status":"publish","type":"product","link":"http:\/\/songesdebene.fr\/index.php\/produit\/stylo-en-bois-volute-finition-satinee\/","title":{"rendered":"Stylo en bois \u00ab\u00a0Volute\u00a0\u00bb finition satin\u00e9e"},"content":{"rendered":"<p>Stylos \u00e0 bille faits main, dans diverses essences (choisir la \u00ab\u00a0variation\u00a0\u00bb selon le bois voulu).<\/p>\n<p>Il s&rsquo;agit de r\u00e9alisations artisanale et uniques. Le f\u00fbt de chaque stylo est coll\u00e9 dans un carrelet de bois, puis tourn\u00e9 \u00e0 la forme d\u00e9sir\u00e9e. Le profil du stylo lui assure une bonne prise en main. Ce mod\u00e8le est un peu plus \u00e9pais que mes autres stylos, l\u00e9g\u00e8rement plus lourd \u00e9galement, et comporte une bague m\u00e9tallique et un clip diff\u00e9rents.<br \/>\nLa finition est faite \u00e0 la gomme-laque, directement appliqu\u00e9e sur le tour \u00e0 bois et durcie par polissage. Cela offre <strong>un aspect satin\u00e9 et un toucher au plus proche du bois<\/strong> : la sensation est ainsi plus naturelle. La r\u00e9sistance \u00e0 l&rsquo;usure est \u00e9galement tr\u00e8s bonne.<br \/>\n<strong>Les parties m\u00e9talliques sont plaqu\u00e9es or<\/strong> et la couleur d&rsquo;\u00e9criture est le noir, mais le stylo est d\u00e9montable et accepte les recharges de type \u00ab\u00a0Cross\u00a0\u00bb qui existent aussi en bleu ou rouge.<br \/>\nPour une r\u00e9alisation sur mesure (bois, couleur m\u00e9tal, type de clip, couleur d&rsquo;encre&#8230;), n&rsquo;h\u00e9sitez pas \u00e0 me contacter !<\/p>\n<p><a href=\"https:\/\/www.instagram.com\/p\/DCRCARiOVje\/?utm_source=ig_web_copy_link&amp;igsh=MzRlODBiNWFlZA==\">Images de la fabrications sur Instagram.<\/a><\/p>\n","protected":false},"excerpt":{"rendered":"<p>Stylos \u00e0 bille faits main, dans diverses essences (choisir la variation selon le bois voulu). Il s&rsquo;agit de r\u00e9alisations artisanale et uniques. Finition satin\u00e9e. Monture dor\u00e9e avec bague \u00ab\u00a0Volute\u00a0\u00bb. Encre noire.<\/p>\n<p><a href=\"https:\/\/www.instagram.com\/p\/DCRCARiOVje\/?utm_source=ig_web_copy_link&amp;igsh=MzRlODBiNWFlZA==\">Images de la fabrications sur Instagram.<\/a><\/p>\n","protected":false},"featured_media":857,"comment_status":"open","ping_status":"closed","template":"","meta":[],"product_brand":[],"product_cat":[31],"product_tag":[],"class_list":{"0":"post-843","1":"product","2":"type-product","3":"status-publish","4":"has-post-thumbnail","6":"product_cat-ecriture-et-lecture","7":"product_shipping_class-petit_objet","9":"first","10":"instock","11":"shipping-taxable","12":"purchasable","13":"product-type-variable"},"_links":{"self":[{"href":"http:\/\/songesdebene.fr\/index.php\/wp-json\/wp\/v2\/product\/843","targetHints":{"allow":["GET"]}}],"collection":[{"href":"http:\/\/songesdebene.fr\/index.php\/wp-json\/wp\/v2\/product"}],"about":[{"href":"http:\/\/songesdebene.fr\/index.php\/wp-json\/wp\/v2\/types\/product"}],"replies":[{"embeddable":true,"href":"http:\/\/songesdebene.fr\/index.php\/wp-json\/wp\/v2\/comments?post=843"}],"wp:featuredmedia":[{"embeddable":true,"href":"http:\/\/songesdebene.fr\/index.php\/wp-json\/wp\/v2\/media\/857"}],"wp:attachment":[{"href":"http:\/\/songesdebene.fr\/index.php\/wp-json\/wp\/v2\/media?parent=843"}],"wp:term":[{"taxonomy":"product_brand","embeddable":true,"href":"http:\/\/songesdebene.fr\/index.php\/wp-json\/wp\/v2\/product_brand?post=843"},{"taxonomy":"product_cat","embeddable":true,"href":"http:\/\/songesdebene.fr\/index.php\/wp-json\/wp\/v2\/product_cat?post=843"},{"taxonomy":"product_tag","embeddable":true,"href":"http:\/\/songesdebene.fr\/index.php\/wp-json\/wp\/v2\/product_tag?post=843"}],"curies":[{"name":"wp","href":"https:\/\/api.w.org\/{rel}","templated":true}]}}