{"id":717,"date":"2025-03-13T14:03:18","date_gmt":"2025-03-13T13:03:18","guid":{"rendered":"https:\/\/songesdebene.fr\/?post_type=product&#038;p=717"},"modified":"2026-02-04T17:55:20","modified_gmt":"2026-02-04T16:55:20","slug":"dessous-de-verre-sous-bocks-en-marqueterie-lot-de-4-coordonnes","status":"publish","type":"product","link":"http:\/\/songesdebene.fr\/index.php\/produit\/dessous-de-verre-sous-bocks-en-marqueterie-lot-de-4-coordonnes\/","title":{"rendered":"Dessous de verre \/ sous-bocks en marqueterie, lot de 4 coordonn\u00e9s"},"content":{"rendered":"<p>Dessous de verre \/ sous-bocks en ch\u00eane massif recouverts de marqueterie g\u00e9om\u00e9trique. Vendus par lot de 4, pour garder la coh\u00e9rence des assemblages de bois. Le motif est une cr\u00e9ation originale de \u00ab\u00a0Songes d&rsquo;\u00e9b\u00e8ne\u00a0\u00bb, et les essences de bois de la marqueterie varient d&rsquo;un lot \u00e0 l&rsquo;autre.<br \/>\nDes lots d\u00e9j\u00e0 vendus ou in\u00e9dits peuvent \u00eatre r\u00e9alis\u00e9s sur commande (exemples sur la derni\u00e8re photo), n&rsquo;h\u00e9sitez pas \u00e0 me contacter !<br \/>\nChaque dessous de verre est un carr\u00e9 d&rsquo;environ 9,8 cm de c\u00f4t\u00e9 pour moins d&rsquo;1 cm d&rsquo;\u00e9paisseur.<br \/>\nLa finition est constitu\u00e9e de 4 couches de vernis pour r\u00e9sister \u00e0 l&rsquo;humidit\u00e9 et la chaleur, mais il vaut mieux essuyer le bois s&rsquo;il est trop mouill\u00e9, pour \u00e9viter toute m\u00e9saventure avec la marqueterie. Pas de lave-vaisselle.<\/p>\n<p><a href=\"https:\/\/www.instagram.com\/p\/DHTxpRaM7Jr\/?utm_source=ig_web_button_share_sheet&amp;igsh=MzRlODBiNWFlZA==\">Vid\u00e9o de pr\u00e9sentation sur Instagram.<\/a><\/p>\n<hr \/>\n<p>Liste des essences par option <strong>encore disponible<\/strong> :<br \/>\n&#8211; \u00ab\u00a0Lever de soleil\u00a0\u00bb : h\u00eatre teint\u00e9 rouge, buis, noyer, loupe de peuplier, arri\u00e8re en \u00e9rable ond\u00e9.<br \/>\n&#8211; \u00ab\u00a0Jaune et brun\u00a0\u00bb : peuplier mouchet\u00e9 teint\u00e9 bleu, fr\u00eane teint\u00e9 jaune, weng\u00e9, orme.<br \/>\n&#8211; \u00ab\u00a0\u00c9rable bleut\u00e9\u00a0\u00bb : tulipier teint\u00e9 bleu, palissandre, \u00e9rable ond\u00e9 teint\u00e9 jaune, \u00e9rable mouchet\u00e9.<br \/>\n&#8211; \u00ab\u00a0Orang\u00e9\u00a0\u00bb : Peuplier mouchet\u00e9 teint\u00e9 orange, tulipier noirci, fr\u00eane teint\u00e9 jaune, \u00e9rable teint\u00e9 vert, arri\u00e8re en fr\u00eane.<br \/>\n&#8211; \u00ab\u00a0Art d\u00e9co 1\u00a0\u00bb : Amarante, buis, \u00e9rable, padouk, arri\u00e8re en h\u00eatre.<br \/>\n&#8211; \u00ab\u00a0Art d\u00e9co 2\u00a0\u00bb: Noyer, \u00e9rable, buis, acajou, arri\u00e8re en h\u00eatre.<br \/>\n&#8211; \u00ab\u00a0Symbole noir\/couleur\u00a0\u00bb: Tulipier, h\u00eatre et poirier teint\u00e9s.<\/p>\n","protected":false},"excerpt":{"rendered":"<p>Dessous de verre \/ sous-bocks en ch\u00eane massif recouverts de marqueterie g\u00e9om\u00e9trique. Vendus par lot de 4, pour garder la coh\u00e9rence des assemblages de bois.<\/p>\n<p><a href=\"https:\/\/www.instagram.com\/p\/DHTxpRaM7Jr\/?utm_source=ig_web_button_share_sheet&amp;igsh=MzRlODBiNWFlZA==\">Vid\u00e9o de pr\u00e9sentation sur Instagram.<\/a><\/p>\n","protected":false},"featured_media":942,"comment_status":"open","ping_status":"closed","template":"","meta":[],"product_brand":[],"product_cat":[24,30],"product_tag":[],"class_list":{"0":"post-717","1":"product","2":"type-product","3":"status-publish","4":"has-post-thumbnail","6":"product_cat-arts-de-la-table","7":"product_cat-decoration-interieure","8":"product_shipping_class-petit_objet","10":"first","11":"instock","12":"shipping-taxable","13":"purchasable","14":"product-type-variable"},"_links":{"self":[{"href":"http:\/\/songesdebene.fr\/index.php\/wp-json\/wp\/v2\/product\/717","targetHints":{"allow":["GET"]}}],"collection":[{"href":"http:\/\/songesdebene.fr\/index.php\/wp-json\/wp\/v2\/product"}],"about":[{"href":"http:\/\/songesdebene.fr\/index.php\/wp-json\/wp\/v2\/types\/product"}],"replies":[{"embeddable":true,"href":"http:\/\/songesdebene.fr\/index.php\/wp-json\/wp\/v2\/comments?post=717"}],"wp:featuredmedia":[{"embeddable":true,"href":"http:\/\/songesdebene.fr\/index.php\/wp-json\/wp\/v2\/media\/942"}],"wp:attachment":[{"href":"http:\/\/songesdebene.fr\/index.php\/wp-json\/wp\/v2\/media?parent=717"}],"wp:term":[{"taxonomy":"product_brand","embeddable":true,"href":"http:\/\/songesdebene.fr\/index.php\/wp-json\/wp\/v2\/product_brand?post=717"},{"taxonomy":"product_cat","embeddable":true,"href":"http:\/\/songesdebene.fr\/index.php\/wp-json\/wp\/v2\/product_cat?post=717"},{"taxonomy":"product_tag","embeddable":true,"href":"http:\/\/songesdebene.fr\/index.php\/wp-json\/wp\/v2\/product_tag?post=717"}],"curies":[{"name":"wp","href":"https:\/\/api.w.org\/{rel}","templated":true}]}}

Dessous de verre / sous-bocks en marqueterie, lot de 4 coordonnés

<p>Dessous de verre / sous-bocks en chêne massif recouverts de marqueterie géométrique. Vendus par lot de 4, pour garder la cohérence des assemblages de bois. Le motif est une création originale de « Songes d&rsquo;ébène », et les essences de bois de la marqueterie varient d&rsquo;un lot à l&rsquo;autre.<br />
Des lots déjà vendus ou inédits peuvent être réalisés sur commande (exemples sur la dernière photo), n&rsquo;hésitez pas à me contacter !<br />
Chaque dessous de verre est un carré d&rsquo;environ 9,8 cm de côté pour moins d&rsquo;1 cm d&rsquo;épaisseur.<br />
La finition est constituée de 4 couches de vernis pour résister à l&rsquo;humidité et la chaleur, mais il vaut mieux essuyer le bois s&rsquo;il est trop mouillé, pour éviter toute mésaventure avec la marqueterie. Pas de lave-vaisselle.</p>
<p><a href="https://www.instagram.com/p/DHTxpRaM7Jr/?utm_source=ig_web_button_share_sheet&amp;igsh=MzRlODBiNWFlZA==">Vidéo de présentation sur Instagram.</a></p>
<hr />
<p>Liste des essences par option <strong>encore disponible</strong> :<br />
&#8211; « Lever de soleil » : hêtre teinté rouge, buis, noyer, loupe de peuplier, arrière en érable ondé.<br />
&#8211; « Jaune et brun » : peuplier moucheté teinté bleu, frêne teinté jaune, wengé, orme.<br />
&#8211; « Érable bleuté » : tulipier teinté bleu, palissandre, érable ondé teinté jaune, érable moucheté.<br />
&#8211; « Orangé » : Peuplier moucheté teinté orange, tulipier noirci, frêne teinté jaune, érable teinté vert, arrière en frêne.<br />
&#8211; « Art déco 1 » : Amarante, buis, érable, padouk, arrière en hêtre.<br />
&#8211; « Art déco 2 »: Noyer, érable, buis, acajou, arrière en hêtre.<br />
&#8211; « Symbole noir/couleur »: Tulipier, hêtre et poirier teintés.</p>

<p>Dessous de verre / sous-bocks en chêne massif recouverts de marqueterie géométrique. Vendus par lot de 4, pour garder la cohérence des assemblages de bois.</p>
<p><a href="https://www.instagram.com/p/DHTxpRaM7Jr/?utm_source=ig_web_button_share_sheet&amp;igsh=MzRlODBiNWFlZA==">Vidéo de présentation sur Instagram.</a></p>
