{"id":698,"date":"2025-03-13T14:03:18","date_gmt":"2025-03-13T13:03:18","guid":{"rendered":"https:\/\/songesdebene.fr\/?post_type=product&#038;p=698"},"modified":"2026-02-04T17:58:29","modified_gmt":"2026-02-04T16:58:29","slug":"porte-mine-07mm-en-bois","status":"publish","type":"product","link":"http:\/\/songesdebene.fr\/index.php\/produit\/porte-mine-07mm-en-bois\/","title":{"rendered":"Porte-mine 0,7mm en bois"},"content":{"rendered":"<p>Porte-mine fait main, dans diverses essences (choisir la variation selon le bois voulu). Il s&rsquo;agit de r\u00e9alisations artisanale et uniques.<br \/>\nLe f\u00fbt de chaque porte-mine est coll\u00e9 dans un carrelet de bois, puis tourn\u00e9 \u00e0 la forme d\u00e9sir\u00e9e. Le profil du porte-mine lui assure une bonne prise en main.<br \/>\nLe marronnier est teint\u00e9 en bleu, et l&rsquo;\u00e9rable ond\u00e9 en violet (ce ne sont pas leur couleur naturelle). Les autres essences sont \u00ab\u00a0au naturel\u00a0\u00bb.<br \/>\nLa finition est brillante, faite \u00e0 la cyanoacrylate (colle type SuperGlue), la finition la plus longue mais aussi la plus fine et r\u00e9sistante. Pas de rayures ou de d\u00e9coloration \u00e0 craindre m\u00eame avec un usage intensif !<br \/>\nLes parties m\u00e9talliques sont plaqu\u00e9es or, et la mine de diam\u00e8tre 0,7mm (3 mines incluses pour un usage imm\u00e9diat). Il suffit de retirer la gomme au bout du porte-mine pour ins\u00e9rer les mines de recharge.<br \/>\nPour une r\u00e9alisation sur mesure, n&rsquo;h\u00e9sitez pas \u00e0 me contacter !<\/p>\n<p><a href=\"https:\/\/www.instagram.com\/p\/DCZaU_YOSxW\/?utm_source=ig_web_copy_link&amp;igsh=MzRlODBiNWFlZA==\">Images de la fabrication sur Instagram.<\/a><\/p>\n","protected":false},"excerpt":{"rendered":"<p>Porte-mine fait main, dans diverses essences (choisir la variation selon le bois voulu). Finition brillante, monture m\u00e9tallique plaqu\u00e9e or.<\/p>\n<p><a href=\"https:\/\/www.instagram.com\/p\/DCZaU_YOSxW\/?utm_source=ig_web_copy_link&amp;igsh=MzRlODBiNWFlZA==\">Images de la fabrication sur Instagram.<\/a><\/p>\n","protected":false},"featured_media":702,"comment_status":"open","ping_status":"closed","template":"","meta":[],"product_brand":[],"product_cat":[31],"product_tag":[],"class_list":{"0":"post-698","1":"product","2":"type-product","3":"status-publish","4":"has-post-thumbnail","6":"product_cat-ecriture-et-lecture","7":"product_shipping_class-petit_objet","9":"first","10":"instock","11":"shipping-taxable","12":"purchasable","13":"product-type-variable"},"_links":{"self":[{"href":"http:\/\/songesdebene.fr\/index.php\/wp-json\/wp\/v2\/product\/698","targetHints":{"allow":["GET"]}}],"collection":[{"href":"http:\/\/songesdebene.fr\/index.php\/wp-json\/wp\/v2\/product"}],"about":[{"href":"http:\/\/songesdebene.fr\/index.php\/wp-json\/wp\/v2\/types\/product"}],"replies":[{"embeddable":true,"href":"http:\/\/songesdebene.fr\/index.php\/wp-json\/wp\/v2\/comments?post=698"}],"wp:featuredmedia":[{"embeddable":true,"href":"http:\/\/songesdebene.fr\/index.php\/wp-json\/wp\/v2\/media\/702"}],"wp:attachment":[{"href":"http:\/\/songesdebene.fr\/index.php\/wp-json\/wp\/v2\/media?parent=698"}],"wp:term":[{"taxonomy":"product_brand","embeddable":true,"href":"http:\/\/songesdebene.fr\/index.php\/wp-json\/wp\/v2\/product_brand?post=698"},{"taxonomy":"product_cat","embeddable":true,"href":"http:\/\/songesdebene.fr\/index.php\/wp-json\/wp\/v2\/product_cat?post=698"},{"taxonomy":"product_tag","embeddable":true,"href":"http:\/\/songesdebene.fr\/index.php\/wp-json\/wp\/v2\/product_tag?post=698"}],"curies":[{"name":"wp","href":"https:\/\/api.w.org\/{rel}","templated":true}]}}